ab0 (base 15) to base 8
275223
-1200200033 (base 4) to base 6
-12245555
101001011111011110001 (base 2) to base 6
45050241
What is -634407 (base 8) in base 9?
-351644
Convert 11011101001000000111 (base 2) to base 9.
1630382
What is 1eb949 (base 15) in base 4?
11300000100
417cc (base 15) to base 7
1523241
Convert 402123353 (base 6) to base 5.
3221313213
Convert 844457 (base 12) to base 16.
1fc183
What is 1532103 (base 6) in base 15?
1b980
-4557c (base 14) to base 6
-3335550
Convert 15732 (base 16) to base 3.
11110112000
-2163a (base 14) to base 2
-10011101110100100
-167822 (base 10) to base 14
-45234
Convert -49a32 (base 12) to base 9.
-162122
1207477 (base 11) to base 16
2018fc
Convert -1200022001010 (base 3) to base 15.
-12929c
What is -2303312 (base 5) in base 12?
-1b936
952550 (base 10) to base 8
3504346
What is 1010000011110010 (base 2) in base 8?
120362
-1567941 (base 10) to base 13
-42b89b
77bb88 (base 12) to base 8
7215730
-86d1d (base 16) to base 9
-1031448
5052322 (base 7) to base 14
1190b9
Convert -332715 (base 15) to base 16.
-2534c9
1065345 (base 7) to base 12
65626
What is 426355 (base 8) in base 6?
3020021
17306541 (base 8) to base 5
2013041024
-17137040 (base 9) to base 12
-2a61353
What is -aacb6 (base 15) in base 4?
-2010202113
-8368 (base 13) to base 16
-46f9
-5283 (base 15) to base 2
-100010000101000
-10011295 (base 10) to base 3
-200211121220201
-126478 (base 9) to base 7
-440213
-2303214 (base 6) to base 16
-1ca7a
What is 3022366 (base 10) in base 6?
144440234
What is 5704553 (base 8) in base 5?
343330012
What is 2381670 (base 11) in base 4?
33310012001
-1310b8b (base 13) to base 10
-5971223
-12c9 (base 15) to base 8
-7656
Convert 1c0c63 (base 13) to base 11.
44a051
Convert 3417565 (base 9) to base 10.
1842647
What is -7d949 (base 14) in base 10?
-306413
-7253a2 (base 11) to base 14
-224185
Convert -10100010011011111 (base 2) to base 4.
-110103133
-110110110001111101 (base 2) to base 8
-666175
Convert -786a96 (base 15) to base 3.
-101210210021120
What is 689891 (base 13) in base 7?
30026000
3a1a5a (base 12) to base 9
1717787
What is 32303313 (base 4) in base 9?
102183
-1174 (base 11) to base 14
-7b7
Convert 2560631 (base 7) to base 6.
11054315
What is -b762c3 (base 13) in base 12?
-1533205
-1033d (base 14) to base 3
-1222120122
What is -2114404 (base 5) in base 14?
-cd92
426a1 (base 11) to base 12
2babb
Convert -12222001201 (base 3) to base 10.
-117415
What is -12322200 (base 4) in base 8?
-67240
What is -194831 (base 12) in base 2?
-1101100010010100101
What is 321235 (base 7) in base 2?
1101100110001010
What is 101001211102 (base 3) in base 12?
96818
-500365 (base 8) to base 12
-7ab59
What is 35124634 (base 7) in base 2?
1011110000011110111110
Convert 109870 (base 10) to base 11.
75602
What is 103303212 (base 4) in base 2?
10011110011100110
What is 30131313 (base 4) in base 9?
77036
What is 303113214 (base 5) in base 7?
13252256
Convert -160136 (base 9) to base 12.
-49029
Convert 510a0 (base 15) to base 6.
5300110
Convert -1331344 (base 8) to base 4.
-1123023210
-1000010100000001000 (base 2) to base 7
-2213101
Convert -b04890 (base 14) to base 9.
-12135622
303300134 (base 5) to base 15
193d7e
-36615d (base 15) to base 2
-1001111011010111000110
-1389976 (base 11) to base 3
-11111011121002
Convert 175320 (base 9) to base 11.
74894
Convert -9d3591 (base 14) to base 7.
-63316141
What is 2df4d (base 16) in base 11?
119475
What is -110101110100100000010 (base 2) in base 13?
-499956
What is 125799 (base 11) in base 16?
30537
-38dd7 (base 14) to base 9
-232855
What is -102403403 (base 5) in base 14?
-b468d
-1202310 (base 5) to base 13
-a151
-75b19b (base 12) to base 14
-367823
Convert -5654655 (base 8) to base 11.
-9557a9
103120011230 (base 4) to base 12
184b578
16014165 (base 8) to base 14
6b9a73
Convert -2002166 (base 7) to base 15.
-49e3b
What is -5116068 (base 10) in base 15?
-6b0d13
-1bc96 (base 14) to base 12
-35178
Convert -1b449 (base 12) to base 11.
-28377
228520 (base 9) to base 10
137475
-330333011 (base 4) to base 10
-249797
What is -1aad8 (base 14) in base 5?
-4134011
Convert 3231210003 (base 4) to base 8.
3554403
354124 (base 8) to base 10
120916
18b6c (base 13) to base 9
72858
Convert 100313011 (base 4) to base 2.
10000110111000101
Convert -3687961 (base 10) to base 14.
-6c001b
Convert 1003210013033 (base 4) to base 2.
1000011100100000111001111
-36764471 (base 8) to base 13
-18b4311
-22488088 (base 9) to base 5
-10244022131
32202330 (base 5) to base 12
111647
What is -2661511 (base 7) in base 5?
-42214032
What is -143422012 (base 5) in base 13?
-20999a
Convert 55252165 (base 7) to base 14.
8b9ca5
Convert 1312445 (base 8) to base 7.
3052436
Convert 22a804 (base 12) to base 5.
120320242
What is -9163348 (base 10) in base 14?
-13075ac
-656300 (base 10) to base 12
-277978
What is -6a0a1 (base 14) in base 13?
-90611
Convert 3019ff (base 16) to base 2.
1100000001100111111111
93e2a (base 16) to base 2
10010011111000101010
What is 15ae93 (base 15) in base 2?
100000000001111000010
-41230123 (base 5) to base 16
-521a0
What is -86132 (base 10) in base 5?
-10224012
What is 5ede (base 16) in base 10?
24286
210024 (base 11) to base 10
336769
What is -205105353 (base 6) in base 3?
-20202222100020
Convert -100011000111010110 (base 2) to base 16.
-231d6
What is -350462 (base 8) in base 6?
-2315202
Convert b4c8a (base 15) to base 9.
1063254
What is -10546240 (base 7) in base 2?
-11100000011101000110
What is 57ab3 (base 12) in base 16?
1ca67
Convert -3403301 (base 5) to base 13.
-21300
-255a3b (base 12) to base 8
-2252217
What is -302131020 (base 4) in base 6?
-4232440
What is -2331000413 (base 5) in base 4?
-110110311221
Convert -100111101100000110001010 (base 2) to base 16.
-9ec18a
Convert -11400644 (base 8) to base 13.
-692951
Convert -7b83a9 (base 13) to base 4.
-23023223310
What is -b7c7 (base 15) in base 7?
-221242
What is -720a8 (base 15) in base 9?
-610525
Convert -221301001 (base 4) to base 16.
-29c41
What is 33b567 (base 13) in base 11?
767117
What is 22ab51 (base 12) in base 16?
883ed
Convert 22697 (base 15) to base 7.
634135
-557126 (base 8) to base 4
-231321112
-2b851e (base 16) to base 13
-78b264
What is 134314 (base 7) in base 8?
61704
-1012966 (base 10) to base 13
-2960b6
Convert 102101000211122 (base 3) to base 12.
2035338
-211020202111112 (base 3) to base 2
-101101000110111001101001
1040420 (base 8) to base 6
5550424
What is 100020212110202 (base 3) in base 2?
10010110000101110100010
Convert -1370a (base 14) to base 15.
-e370
Convert 148c4a (base 14) to base 7.
6041023
114367 (base 9) to base 2
10000110011011110
78274 (base 13) to base 11
139814
-c615 (base 16) to base 3
-2120120010
Convert 3465424 (base 7) to base 4.
1222210132
What is -4885841 (base 10) in base 8?
-22506521
What is -31022330 (base 5) in base 9?
-423104
What is -1101000100001110110101 (base 2) in base 7?
-41054010
What is -1064561 (base 7) in base 4?
-200221103
Convert -1071a2b (base 13) to base 15.
-695875
Convert -33f51 (base 16) to base 6.
-4321133
What is 2331443140 (base 5) in base 13?
115127c
What is 7e77 (base 15) in base 4?
12210013
2535ca2 (base 13) to base 16
b1234f
What is 22350777 (base 8) in base 12?
1753853
What is -e55ea0 (base 15) in base 2?
-101001100110001111100110
2275986 (base 10) to base 2
1000101011101010010010
Convert -166270 (base 11) to base 15.
-5131c
What is 3ba65 (base 13) in base 2?
11011010000000111
What is -10001011010100000000110 (base 2) in base 3?
-22120221000000
What is 44044011 (base 5) in base 4?
1130102112
-1120111010 (base 4) to base 7
-3034541
What is -71ca8 (base 16) in base 11?
-2991a7
What is 6163528 (base 10) in base 2?
10111100000110001001000
Convert -323133221 (base 5) to base 6.
-45330524
Convert 10010101011010101111010 (base 2) to base 6.
252535122
What is -20221121111110 (base 3) in base 4?
-32011203030
-810340 (base 11) to base 6
-43534304
What is -17ed6 (base 15) in base 5?
-4440401
What is 335366 (base 12) in base 7?
6644262
What is 12110110202010 (base 3) in base 8?
13045244
What is -10101111110001010100011 (base 2) in base 11?
-3284347
1a8406 (base 13) to base 7
5511254
-108c98 (base 14) to base 10
-562262
Convert -268414 (base 14) to base 4.
-11010130002
Convert -1321112 (base 5) to base 10.